?
True
Is 570569 composite?
False
Is 12895 a composite number?
True
Is 1042 composite?
True
Is 142563 composite?
True
Is 112061 a prime number?
True
Is 101521 a composite number?
True
Is 5163 a prime number?
False
Is 2152006 prime?
False
Is 42583 composite?
True
Is 17231 a prime number?
True
Is 194939 composite?
True
Is 1169 a composite number?
True
Is 4649 a prime number?
True
Is 12187 composite?
True
Is 118439 a composite number?
True
Is 47569 a prime number?
True
Is 8311 a prime number?
True
Is 8779 prime?
True
Is 21711 composite?
True
Is 32827 a prime number?
False
Is 88139 composite?
True
Is 21467 a prime number?
True
Is 6621 prime?
False
Is 1271 composite?
True
Is 262063 a composite number?
True
Is 223087 prime?
True
Is 117697 prime?
False
Is 2333 composite?
False
Is 23915 a composite number?
True
Is 4186837 prime?
True
Is 3571 a prime number?
True
Is 144773 composite?
False
Is 20714 a prime number?
False
Is 25663 a prime number?
False
Is 3862 a composite number?
True
Is 10814 composite?
True
Is 10327 a composite number?
True
Is 35769 composite?
True
Is 303119 composite?
False
Is 154927 a composite number?
False
Is 1622713 a prime number?
False
Is 3889 a composite number?
False
Is 2333 prime?
True
Is 424489 a composite number?
True
Is 76243 composite?
False
Is 7835 a composite number?
True
Is 410753 composite?
True
Is 41651 prime?
True
Is 38593 a prime number?
True
Is 32477 prime?
False
Is 27923 prime?
False
Is 489529 a composite number?
False
Is 10099 a prime number?
True
Is 21377 prime?
True
Is 36682 a prime number?
False
Is 24139 a prime number?
False
Is 500491 prime?
False
Is 276865 a prime number?
False
Is 29571 a composite number?
True
Is 1735 composite?
True
Is 4271 composite?
False
Is 44017 a prime number?
True
Is 309623 a composite number?
False
Is 168409 prime?
True
Is 5386 composite?
True
Is 180943 a prime number?
False
Is 716063 a composite number?
False
Is 703169 a composite number?
False
Is 296319 a composite number?
True
Is 82183 prime?
True
Is 361421 prime?
True
Is 362 prime?
False
Is 203199 composite?
True
Is 121309 a composite number?
False
Is 31461 a composite number?
True
Is 117493 a composite number?
True
Is 268459 a prime number?
True
Is 5969 composite?
True
Is 7867 composite?
False
Is 28349 composite?
False
Is 33017 a composite number?
True
Is 242815 a prime number?
False
Is 28807 a composite number?
False
Is 3589 a prime number?
False
Is 69109 prime?
True
Is 11791 prime?
False
Is 6007 prime?
True
Is 132019 a prime number?
True
Is 269021 prime?
False
Is 154655 a composite number?
True
Is 162163 composite?
True
Is 47777 a prime number?
True
Is 109987 a composite number?
False
Is 1354933 prime?
False
Is 460531 composite?
False
Is 1502 composite?
True
Is 12607 composite?
True
Is 30631 a composite number?
False
Is 1841 composite?
True
Is 256301 prime?
True
Is 879 prime?
False
Is 25733 prime?
True
Is 47207 composite?
False
Is 67601 a prime number?
True
Is 68953 a composite number?
True
Is 659 prime?
True
Is 203549 composite?
False
Is 20317 composite?
True
Is 751661 a composite number?
False
Is 205783 prime?
True
Is 28151 a prime number?
True
Is 7897 prime?
False
Is 8779 composite?
False
Is 780649 a composite number?
False
Is 745 prime?
False
Is 70619 a composite number?
False
Is 282314 a composite number?
True
Is 2738599 a prime number?
True
Is 572486 composite?
True
Is 463153 composite?
True
Is 296939 composite?
True
Is 425527 a prime number?
False
Is 333269 a prime number?
True
Is 19961 a prime number?
True
Is 21781 a prime number?
False
Is 23339 a prime number?
True
Is 51713 a prime number?
True
Is 191157 prime?
False
Is 2531 a composite number?
False
Is 50097 composite?
True
Is 10019 prime?
False
Is 32531 prime?
True
Is 9103 composite?
False
Is 29527 composite?
False
Is 26903 composite?
False
Is 87053 prime?
False
Is 319193 prime?
False
Is 8091361 a composite number?
False
Is 2267909 composite?
True
Is 174497 prime?
False
Is 55273 a prime number?
False
Is 74614 a prime number?
False
Is 1600897 a composite number?
False
Is 33107 a prime number?
True
Is 1887499 a composite number?
False
Is 434743 a prime number?
True
Is 310719 a composite number?
True
Is 262517 a prime number?
False
Is 329807 a composite number?
True
Is 222953 prime?
True
Is 21559 a prime number?
True
Is 4889 prime?
True
Is 101791 prime?
False
Is 12473 a prime number?
True
Is 304253 a composite number?
False
Is 456818 a prime number?
False
Is 2109119 a composite number?
False
Is 656015 prime?
False
Is 2579 a prime number?
True
Is 191791 prime?
True
Is 5809 a prime number?
False
Is 2536447 prime?
True
Is 2797 a composite number?
False
Is 45007 composite?
False
Is 23459 a composite number?
False
Is 30601 a prime number?
False
Is 6779 prime?
True
Is 5737 a prime number?
True
Is 57973 a composite number?
False
Is 40459 a prime number?
True
Is 1666771 prime?
True
Is 281731 prime?
False
Is 19829 a composite number?
True
Is 476893 a prime number?
False
Is 1404059 prime?
True
Is 67549 composite?
True
Is 115111 composite?
True
Is 9901 a composite number?
False
Is 127151 composite?
True
Is 8369 prime?
True
Is 2019689 a prime number?
False
Is 50833 composite?
False
Is 112187 prime?
False
Is 2153659 composite?
True
Is 187 composite?
True
Is 3807053 a composite number?
False
Is 827845 prime?
False
Is 46961 prime?
False
Is 124543 a prime number?
True
Is 26458 composite?
True
Is 11969 a composite number?
False
Is 25153 composite?
False
Is 8926 composite?
True
Is 38417 a prime number?
False
Is 26882 composite?
True
Is 23531 a prime number?
True
Is 61283 composite?
False
Is 2453 a composite number?
True
Is 14591 a prime number?
True
Is 5894293 a composite number?
False
Is 10529 a composite number?
False
Is 1580959 a prime number?
True
Is 11947 a prime number?
False
Is 3089 prime?
True
Is 173697 composite?
True
Is 28559 a composite number?
False
Is 145931 a composite number?
False
Is 747205 prime?
False
Is 5395859 a prime number?
False
Is 7517 a prime number?
True
Is 123899 prime?
False
Is 135781 a prime number?
True
Is 12439 composite?
True
Is 3163 a composite number?
False
Is 10454 composite?
True
Is 5297 composite?
False
Is 65573 prime?
False
Is 34433 a composite number?
True
Is 1016287 prime?
False
Is 893 a prime number?
False
Is 3065 a prime number?
False
Is 5779 a composite number?
False
Is 21311 a prime number?
False
Is 398553 prime?
False
Is 1312301 composite?
False
Is 4881 a prime number?
False
Is 12451 composite?
False
Is 2203 a prime number?
True
Is 26259 a composite number?
True
Is 241907 prime?
True
Is 6449 a composite number?
False
Is 65663 prime?
False
Is 112837 composite?
True
Is 228043 composite?
True
Is 151867 a prime number?
False
Is 19535 prime?
False
Is 1089259 a prime number?
True
Is 136943 a prime number?
True
Is 27355 a composite number?
True
Is 106291 composite?
False
Is 126605 a prime number?
False
Is 424573 composite?
False
Is 7217 prime?
False
Is 1087 a composite number?
False
Is 6457 a composite number?
True
Is 2326 composite?
True
Is 93131 prime?
True
Is 38123 prime?
False
Is 40867 a prime number?
True
Is 510347 a prime number?
False
Is 480613 composite?
True
Is 6863 prime?
True
Is 61431 a composite number?
True
Is 291079 prime?
False
Is 316347 a composite number?
True
Is 7066 a composite number?
True
Is 3287 composite?
True
Is 1226411 a composite number?
True
Is 5014691 prime?
False
Is 4373 composite?
False
Is 46297 prime?
False
Is 10831 a prime number?
True
Is 12319 prime?
False
Is 227333 a prime number?
False
Is 4271 a composite number?
False
Is 8923 composite?
False
Is 104602 composite?
True
Is 13793 a prime number?
False
Is 1100747 a prime number?
True
Is 127471 a composite number?
True
Is 22511 a prime number?
True
Is 731419 prime?
False
Is 25765 a composite number?
True
Is 341331 a prime number?
False
Is 94379 a prime number?
True
Is 193717 composite?
True
Is 3065717 composite?
False
Is 11657 a prime number?
True
Is 280751 a composite number?
False
Is 346763 a composite number?
False
Is 3491 prime?
True
Is 40589 a prime number?
False
Is 1790561 composite?
False
Is 147689 composite?
False
Is 40267 a prime number?
False
Is 9041 a composite number?
False
Is 2999 prime?
True
Is 1889 composite?
False
Is 211 prime?
True
Is 32363 a co